0111011100 (base 2) to base 7
4242
-2372 (base 15) to base 3
-101022222
11013 (base 4) to base 3
110010
8138 (base 16) to base 8
100470
What is -202303 (base 4) in base 7?
-6331
Convert -505 (base 7) to base 9.
-307
What is -30222212 (base 4) in base 5?
-3130003
7958 (base 10) to base 13
3812
10b47 (base 14) to base 6
512043
What is 3222220 (base 4) in base 9?
22534
Convert 20336 (base 7) to base 6.
35012
What is 212 (base 16) in base 4?
20102
Convert 60 (base 11) to base 4.
1002
92b (base 12) to base 10
1331
What is 7e (base 16) in base 3?
11200
Convert 132134 (base 5) to base 9.
7232
Convert 548 (base 12) to base 16.
308
What is 10aa1 (base 12) in base 2?
101011100011001
Convert -24643 (base 11) to base 14.
-cc71
3172 (base 16) to base 14
4882
Convert 2422133 (base 5) to base 10.
45293
Convert 2531 (base 6) to base 4.
21313
Convert 74090 (base 10) to base 4.
102011222
Convert -100 (base 3) to base 5.
-14
144154 (base 7) to base 3
1102020021
28362 (base 11) to base 12
1b435
Convert bb (base 12) to base 6.
355
What is -8cc5 (base 14) in base 7?
-131235
2230 (base 5) to base 10
315
-1320230 (base 5) to base 11
-18853
What is 1ad8 (base 14) in base 11?
374a
Convert 2241220 (base 5) to base 7.
225105
What is -772f (base 16) in base 10?
-30511
320 (base 4) to base 15
3b
What is 52a (base 16) in base 14?
6a6
ae59 (base 16) to base 11
30596
-26772 (base 13) to base 6
-1311220
-1714 (base 9) to base 6
-10021
Convert 201022021 (base 3) to base 8.
33372
Convert 5c8 (base 16) to base 14.
77a
Convert -2d6 (base 16) to base 10.
-726
What is -3d0e (base 16) in base 6?
-200210
What is -43102 (base 6) in base 5?
-141440
What is -3443 (base 5) in base 13?
-2c4
Convert 1610 (base 9) to base 6.
5400
Convert -1abd (base 15) to base 10.
-5803
What is -b912 (base 16) in base 14?
-133a2
-15562 (base 9) to base 14
-3c5d
-10666 (base 15) to base 2
-1100101101100111
-204 (base 16) to base 15
-246
Convert 1012101 (base 4) to base 11.
3419
What is 17cc (base 16) in base 5?
143332
-337 (base 16) to base 5
-11243
Convert 100011100111 (base 2) to base 12.
139b
Convert -722 (base 8) to base 4.
-13102
Convert 3160 (base 9) to base 16.
912
-24033 (base 5) to base 7
-5104
-1300 (base 13) to base 4
-222100
Convert 312000 (base 4) to base 7.
13035
Convert 31013 (base 6) to base 16.
1011
What is -223341 (base 5) in base 2?
-1111100100011
Convert 31 (base 13) to base 12.
34
What is -2020320 (base 5) in base 13?
-11aa7
3111 (base 6) to base 16
2b3
Convert 13500 (base 8) to base 2.
1011101000000
-c7 (base 13) to base 16
-a3
Convert -10101110100011 (base 2) to base 14.
-40dd
What is -a29d (base 15) in base 16?
-862c
What is 341 (base 8) in base 4?
3201
Convert 12021 (base 4) to base 12.
289
What is 62 (base 9) in base 14?
40
What is 2133201 (base 4) in base 15?
3059
What is -32a1 (base 11) in base 2?
-1000011111010
What is -12872 (base 9) in base 15?
-28c2
What is 1202 (base 5) in base 13?
108
-21 (base 8) to base 3
-122
Convert -3200 (base 5) to base 3.
-120202
7c20 (base 13) to base 10
17433
What is 32 (base 4) in base 5?
24
Convert a720 (base 11) to base 5.
423204
151 (base 11) to base 9
216
What is 527 (base 12) in base 5?
11001
What is 301011 (base 6) in base 16?
5bff
What is -14504 (base 6) in base 2?
-100100101000
What is -433 (base 11) in base 12?
-374
What is -112a7 (base 13) in base 11?
-21514
What is 110112 (base 3) in base 9?
415
What is -23e (base 15) in base 12?
-365
What is -2340442 (base 5) in base 11?
-2a546
-3357 (base 8) to base 12
-103b
Convert -513 (base 11) to base 12.
-437
What is -1d0 (base 15) in base 13?
-264
Convert -52 (base 16) to base 15.
-57
What is 3222214 (base 5) in base 8?
152634
1055 (base 8) to base 4
20231
What is 4c11 (base 14) in base 12?
787b
Convert -4a0 (base 15) to base 10.
-1050
What is 2b7 (base 12) in base 10?
427
Convert 1000120 (base 3) to base 15.
349
Convert 9c7 (base 15) to base 2.
100010100100
What is -10120031 (base 4) in base 5?
-1033213
Convert 1665 (base 9) to base 8.
2372
Convert 110000110 (base 2) to base 7.
1065
What is 202377 (base 8) in base 2?
10000010011111111
Convert 1204 (base 5) to base 13.
10a
What is 11312 (base 5) in base 16?
340
Convert -225 (base 15) to base 12.
-345
Convert 22416 (base 12) to base 15.
d74c
-1011101100101 (base 2) to base 15
-1b94
Convert 1147 (base 8) to base 5.
4430
Convert -10101111101 (base 2) to base 8.
-2575
What is -2cc6 (base 15) in base 11?
-7270
What is -1111220 (base 3) in base 4?
-101100
Convert -1101001100101 (base 2) to base 5.
-204012
-692 (base 14) to base 8
-2430
6607 (base 15) to base 10
21607
What is -d3b9 (base 14) in base 5?
-2131143
19 (base 12) to base 15
16
2783 (base 11) to base 7
13332
511 (base 9) to base 4
12133
What is -1720c (base 14) in base 9?
-87535
Convert 310120 (base 4) to base 8.
6430
Convert 122 (base 8) to base 6.
214
What is 969 (base 11) in base 6?
5220
-497 (base 11) to base 14
-302
Convert -b3c (base 14) to base 15.
-9c5
2727 (base 10) to base 11
205a
-99 (base 10) to base 8
-143
Convert -bbb3 (base 14) to base 3.
-1122120121
Convert -5516 (base 7) to base 6.
-13045
-3223 (base 5) to base 15
-1e3
-2246 (base 7) to base 10
-818
Convert -a34 (base 13) to base 2.
-11011000101
What is 21894 (base 12) in base 9?
66884
Convert d93d (base 14) to base 7.
214206
What is -212111 (base 3) in base 6?
-2534
What is -83 (base 15) in base 14?
-8b
-46742 (base 8) to base 12
-b656
331023 (base 4) to base 2
111101001011
What is 31320 (base 6) in base 15?
13b9
Convert aa0 (base 11) to base 12.
920
Convert 1021000112 (base 3) to base 12.
12428
What is 3245 (base 10) in base 16?
cad
64562 (base 8) to base 5
1330434
Convert 10000002201 (base 3) to base 9.
100081
Convert -8c (base 14) to base 2.
-1111100
What is -11521 (base 6) in base 13?
-a12
What is 10332 (base 4) in base 2?
100111110
What is 6e6 (base 15) in base 6?
11130
What is -125442 (base 7) in base 10?
-23550
Convert 6133 (base 12) to base 7.
42522
What is -c91 (base 16) in base 4?
-302101
-23112 (base 4) to base 11
-600
Convert 103314 (base 5) to base 13.
1829
What is -b7c8 (base 13) in base 16?
-63aa
What is 4db (base 15) in base 5?
13411
Convert -134304 (base 7) to base 4.
-12032331
Convert -14170 (base 8) to base 6.
-45000
b38 (base 13) to base 5
30111
-a84 (base 14) to base 9
-2756
43314 (base 6) to base 10
5950
What is 112 (base 6) in base 2?
101100
Convert 37435 (base 9) to base 13.
b5a0
Convert 2012 (base 11) to base 7.
10541
Convert -18d88 (base 14) to base 5.
-4004121
What is -14276 (base 10) in base 7?
-56423
212000 (base 4) to base 14
c5a
2504 (base 9) to base 6
12351
Convert -41643 (base 7) to base 14.
-3a5a
Convert 323110 (base 4) to base 2.
111011010100
1000000000100 (base 2) to base 3
12121212
-124334 (base 5) to base 12
-2a61
What is 301023 (base 4) in base 7?
12114
-a10 (base 12) to base 9
-1883
260 (base 15) to base 16
21c
What is -154323 (base 6) in base 10?
-15243
Convert -2010120 (base 3) to base 14.
-7d0
Convert -12201101 (base 3) to base 8.
-10110
-30112 (base 10) to base 11
-20695
3072 (base 10) to base 5
44242
Convert 3013322 (base 4) to base 8.
30772
What is -165 (base 8) in base 14?
-85
What is 10363 (base 7) in base 16?
a21
Convert -2103 (base 5) to base 15.
-138
What is 1101022100 (base 3) in base 10?
27198
Convert -11333 (base 8) to base 11.
-3699
What is b5e (base 16) in base 14?
10bc
-2200201 (base 3) to base 16
-7ab
Convert 1110 (base 12) to base 4.
131130
-21047 (base 9) to base 8
-33106
What is -1331 (base 7) in base 3?
-200222
Convert 10005 (base 8) to base 2.
1000000000101
Convert 10000 (base 6) to base 2.
10100010000
-3120 (base 4) to base 3
-22000
-1395 (base 10) to base 15
-630
What is 100002 (base 3) in base 8?
365
322 (base 12) to base 16
1ca
What is 634 (base 7) in base 13?
1b7
What is 17f1 (base 16) in base 4?
1133301
Convert -52615 (base 7) to base 4.
-3023011
100011100010 (base 2) to base 5
33044
What is -1000212122 (base 3) in base 12?
-b915
112021 (base 3) to base 16
181
Convert -100110001010 (base 2) to base 15.
-acc
What is -116 (base 10) in base 12?
-98
Convert -1756 (base 10) to base 2.
-11011011100
168 (base 10) to base 15
b3
What is -110000101 (base 2) in base 6?
-1445
Convert -134c4 (base 15) to base 8.
-170612
What is -693 (base 10) in base 15?
-313
What i